 + 25. Suppose -11 - 10 = 3*i. Let w(k) = i*o(k) - 5*l(k). What is w(s)?
-3
Let i(u) be the third derivative of u**6/120 - u**5/10 + u**4/3 - 5*u**3/6 + 5*u**2. Determine i(5).
10
Let p(j) be the first derivative of 0*j - 2/3*j**3 + 3/2*j**2 - 1/24*j**4 + 3. Let y(o) be the second derivative of p(o). Determine y(3).
-7
Let h(g) = -g - 7. Let o be h(0). Let f(t) = -t**3 - 7*t**2 - 2*t - 10. Calculate f(o).
4
Let i(p) = -2*p + 2. Suppose 0 = 5*t - 4 + 14. Give i(t).
6
Let a be ((-6)/9)/(3/(-54)). Suppose 0 = -3*x + a - 0. Let g(k) = k**3 + 3*k + x*k**2 - 6 - k - 1 + 4. Calculate g(-3).
0
Let o(j) = -2*j**2 - 6*j + 3. Let b(z) = -3*z**2 - 6*z + 4. Let f(g) = 4*b(g) - 5*o(g). Calculate f(5).
-19
Let z(b) = -b**3 + 2*b - 1. Let s be 8/(-4) - -4*1. Give z(s).
-5
Suppose -3 - 13 = -4*z. Let s(r) be the third derivative of -r**2 + 0*r + 0 + 0*r**5 + 1/6*r**3 - 1/24*r**z - 1/120*r**6. Determine s(2).
-9
Suppose -2*l - 5 + 13 = 0. Suppose 6*w = l*w + 8. Let n(r) = 0 + 3 + w*r + 3*r. What is n(-2)?
-11
Let y(f) be the second derivative of f**5/20 - f**3/6 + f**2/2 - 17*f. Let v = -3 + 1. Determine y(v).
-5
Let s be 206/14 + (-4)/(-14). Let z be s/(-3) + (2 - 0). Let v be z*(1 + (0 - 0)). Let p(x) = -x + 1. Determine p(v).
4
Let w(y) be the second derivative of -y**6/20 + y**5/60 - y**3/6 - 5*y**2/2 + y. Let t(m) be the first derivative of w(m). Calculate t(-1).
6
Let g = -4 + 4. Suppose -2*k - 3*k = 5*u + 30, -3*u - 12 = g. Let w(m) = 3*m + 3. Give w(k).
-3
Let r(x) = x**2 + 11*x - 3. Let k(q) = q**2 + 10*q - 2. Let y(f) = 7*k(f) - 6*r(f). Determine y(-5).
9
Let i(p) = p**2 - 10*p + 7. Suppose 5*z - 32 + 1 = -4*o, -z + 26 = 3*o. Give i(o).
-2
Suppose 2*g - 4 = 2. Let q(a) = -g + 14 - 3*a + 8*a - 1 + a**3 - 8*a**2. Determine q(7).
-4
Let a(f) = -2*f**2 + 8*f + 5. Suppose 2*x = 3*d - 7, -3*x - d = -4*x - 2. Let p(c) = c**2 - c. Let q(g) = x*a(g) + 3*p(g). Calculate q(-4).
1
Let f(g) = 5*g**2 + 4*g**2 + g**2 - 3*g - 2*g**3 + 10 - 2*g**2. Let y(b) = 5*b**3 - 23*b**2 + 9*b - 29. Let s(u) = 8*f(u) + 3*y(u). What is s(-6)?
11
Let l(z) = -z**3 + 5*z**2 - 3*z + 7. Suppose 3*n - 5*u - 29 = -u, 0 = 4*n - u - 17. Suppose n*y - x = -1 + 14, -4*y - 4*x = -28. Calculate l(y).
-8
Let c(i) be the first derivative of i**2/2 + 2*i - 4. Let f be c(-4). Let v be (1 + f)*(-18)/(-3). Let h(u) = u**2 + 6*u + 2. Give h(v).
2
Let o be 1*(-4)/2*-7. Suppose -3*c - o = -2*p, c + 2 = 3*p - 5*p. Let i(z) = -z**2 - 3*z + 2. Calculate i(c).
-2
Let h be ((-3)/5)/(1/(-10)). Let s be ((-4)/(-5))/(h/15). Let u(l) = -3*l**2 + l + 2. Calculate u(s).
-8
Let z(k) = 3872 + 0*k - 5*k - 3873. What is z(-2)?
9
Let h(n) = -18*n + 4*n + 9*n - 11*n. What is h(-1)?
16
Let r(q) be the second derivative of 4*q + 1/20*q**5 - 1/6*q**4 + 0*q**3 + 1/2*q**2 + 0. Determine r(2).
1
Let s(d) be the first derivative of -2*d**3/3 + d**2 + d + 25. Calculate s(-1).
-3
Suppose 6*u = -25 + 7. Let d(y) = 0 + 0 - y + y**3 + 3*y**2. What is d(u)?
3
Let x(a) be the second derivative of -1/12*a**4 + 0*a**5 + 1/120*a**6 - a**2 + 1/6*a**3 + 0 - 2*a. Let h(i) be the first derivative of x(i). What is h(1)?
0
Suppose 3*m = -0*m + 3. Let b(x) = 1 + 3 + 1 - m - x. Calculate b(3).
1
Let t(k) be the second derivative of -k**3/6 + k**2/2 - 5*k. What is t(6)?
-5
Let b(o) be the second derivative of o**4/3 + o**3/6 - o**2 + 5*o. Give b(-2).
12
Let y(q) = q**3 + 4*q**2 + 4. Let k be y(-4). Let s(a) = -a + 2 - 3 + 3*a. Determine s(k).
7
Let t = -7 + 5. Let o(d) = d**2 - d. Let k(u) = u**2 + 4*u + 5. Let v(a) = t*o(a) + k(a). Calculate v(5).
10
Let c(t) = -t - 2*t - 7 + 5*t. Let j be c(6). Let x(p) be the second derivative of p**5/20 - p**4/3 - 5*p**3/6 + p**2/2 + 2*p. What is x(j)?
1
Let v(f) be the first derivative of -f**3 + f**2/2 - 1. Let t(s) be the second derivative of v(s). Let u(h) = h + 6. Let j(w) = 2*t(w) + 3*u(w). Give j(-4).
-6
Let q(a) = -4 + 90*a**2 + a**3 + 3*a + 0*a - 93*a**2. Calculate q(3).
5
Let h(f) = 2*f - 3. Let p(x) = -x + 2. Let g be p(2). Suppose g = 4*l + j + j - 10, -4*j + 8 = 2*l. Give h(l).
1
Suppose -5*f = -4*y - 22, -3*f + 20 = 3*y - 2*y. Let w(j) = 2*j + 1 + f - j. Let b = 7 - 12. Give w(b).
2
Let u = -10 - -5. Let f(n) = 2 + 5*n - 2*n**2 + 4 - 4 + 3*n**2. Calculate f(u).
2
Let g(t) be the second derivative of 1/3*t**4 + 0 - 1/20*t**5 + t**3 + 4*t + 3*t**2. Give g(5).
11
Suppose 4*r = 3*s - s + 8, 19 = 5*s + 3*r. Let k(m) = -m - 3*m**3 - 2*m - m**s + 2*m + 8*m**3. Calculate k(-1).
-5
Suppose -4*w + j = 3*j - 12, -41 = -5*w + 4*j. Suppose w*p + 26 = 1. Let g(o) = -o - 5. Let b be g(p). Let x(m) = m - 8. Determine x(b).
-8
Let b(n) be the first derivative of -6*n - 4/3*n**3 + 2 - 3/2*n**2 - 1/4*n**4. Calculate b(-4).
6
Suppose -5*a - 16 = -4*q - 0*q, 0 = 2*q - 5*a - 8. Let u(l) = l + 2*l - q*l. Give u(-3).
3
Let s(u) = 15*u + 8. Let w(q) = 7*q + 4. Let n(a) = 4*s(a) - 9*w(a). Suppose 0 = 5*t + 4*m + 35, 4*m + 8 = -2*t + 6*t. Determine n(t).
5
Let r(b) = -b**3 + 2*b**2 + b + 4. Suppose 10*y - 9*y - 3 = 0. Calculate r(y).
-2
Let y = 4 - 7. Let b = y - -5. Suppose 4*d + 8 = b*z, d = -d + 2*z. Let n(x) = -x**2 - 3*x + 4. What is n(d)?
0
Let z(x) be the first derivative of -7*x**3/3 - x - 2. Let l = 101 - 102. Determine z(l).
-8
Let c(n) = -n**3 + 1. Let j(p) = -4*p**3 + 3*p**2 - p + 1. Let b(d) = 2*c(d) - j(d). Determine b(2).
7
Suppose 10 = t + t. Let w(l) be the second derivative of l**5/120 + l**4/4 - l**3/2 - 4*l. Let g(k) be the second derivative of w(k). What is g(t)?
11
Let g(s) = 0*s**2 + 7*s**2 + 2*s + 6 + 4*s - 6*s**2. What is g(-5)?
1
Let y(i) = 5*i. Let b be y(-1). Let q(m) be the third derivative of m**6/120 + m**5/10 + m**4/4 - 2*m**3/3 + 2*m**2. Calculate q(b).
-9
Let v(z) = z - 2. Let k be 2 - (-6)/(3 - 1). Calculate v(k).
3
Let s(o) = -o + 8. Let c(b) = -b. Let q(a) = 2*c(a) + s(a). Determine q(6).
-10
Let o(s) = 3*s**3 + s**2 + s + 1. Let p be o(-1). Let n(i) = -i**3 + 2*i**2 + 3*i. What is n(p)?
10
Let w(l) = -l**3 - l**2 - 2. Let x = -2 - -4. Let z be (0/x + 1)/1. Let m be -2 + z/((-3)/(-6)). Determine w(m).
-2
Let g(y) = y - 6. Let k(a) = -a + 5. Let j(o) = 5*g(o) + 6*k(o). Determine j(-6).
6
Let b(k) be the third derivative of 5*k**4/12 - k**3/6 + 29*k**2. What is b(1)?
9
Suppose -10*z = -7*z + 6. Let w(l) = l**3 + 3*l**2 + 2*l - 1. Give w(z).
-1
Let a(q) = 7*q + 2. Let r(u) = -u. Let w(p) = a(p) + 6*r(p). Calculate w(6).
8
Let o(m) = 2 + 1 - 4 + m. Let a(l) = l**3 - 2*l**2 - l - 2. Suppose 0 = -5*d + 7 + 8. Let r be a(d). Determine o(r).
3
Let k(y) = y**2 + 7*y. Let h be k(-7). Suppose 5*r - 4 - 11 = h. Let s(g) = g + r - 4*g + 2*g + 2*g. Give s(4).
7
Let r(f) = f + 2. Suppose -5*d - 41 = -y, -3*y + 2*d + 58 = -0*y. Suppose -y = -3*j - j. Calculate r(j).
6
Let c(j) = j. Let a = 22 + -21. Give c(a).
1
Let x(q) = 11*q**2 - 15. Let t(h) = 4*h**2 - 5. Let p(g) = 8*t(g) - 3*x(g). Suppose 2*l - 5*b - 6 = 0, 6 = 2*l - 3*b - b. Suppose 7*j - l*j = 0. Determine p(j).
5
Let p(h) = 5 - 7 + 3*h**2 + 0 - h**3 - 2*h. Determine p(2).
-2
Let d(q) = 8 - 2*q + 2*q - 2*q. Let u(y) = 5*y**2 - y + 1. Let f be u(1). Suppose f*b - 24 = b. Calculate d(b).
-4
Suppose 4*u + 6 = 18. Let d be 0 + (-1 + u - 1). Let x(h) be the first derivative of -h**3 - h**2 + h + 2. Calculate x(d).
-4
Suppose 2*s + 4*d - 4 = -8, -12 = -4*s + 2*d. Let a(j) be the second derivative of 0 + 5/6*j**3 + 0*j**s - 3*j. Calculate a(-1).
-5
Let c(k) = 12 - 12 + 4*k. Let h(s) = 3*s**2 - s. Let p be h(1). Determine c(p).
8
Let s(u) be the first derivative of u**4/12 + u**3 + 5*u**2/2 - 6. Let p(t) be the second derivative of s(t). Determine p(-6).
-6
Let w = 4 - -2. Let a(v) = v. Let d(l) = -31*l + 21. Let h(f) = 5*a(f) + d(f). Let q(y) = 9*y - 7. Let k(i) = w*h(i) + 17*q(i). What is k(5)?
-8
Let b(h) = -6*h + 3. Let t(c) = -2*c + 1. Let w(a) = 6*b(a) - 17*t(a). What is w(1)?
-1
Let m = 14 - -19. Let j be (22/m)/(2/15). Let c(y) = -y + 6. Determine c(j).
1
Suppose 3*y + 17 = 2*h + 4, -3*h = 5*y + 28. Let m(d) = 2*d**3 + 12*d**2 + 19*d - 7. Let v(t) = t**3 + 6*t**2 + 9*t - 3. Let k(p) = -4*m(p) + 9*v(p). Give k(y).
1
Let c(m) = 4 + 5*m - 4. Suppose 4*n + 0*n + 4 = 0. Calculate c(n).
-5
Let j(k) = -k**3 - k**2 + k - 2. Let s = -49 - -49. Give j(s).
-2
Suppose 2*k = -3*k + 30. Let j(y) = -5*y**2 - y**3 + 15*y**2 - 4*y**2 + 3. What is j(k)?
